 2*k + k**3 + 4*k**q + 5 - 1 - 3. Give o(-2).
7
Suppose -i + 2*i + 5 = 0. Let d(a) = -2*a - 4. Let j(r) = 6*r + 12. Let u(h) = 16*d(h) + 5*j(h). Determine u(i).
6
Let c(k) = -k + 8. Let t be c(6). Let m(s) = -2*s**t - s + 0*s**2 - 1 - s + s**2. Give m(-3).
-4
Let l(i) = -i - 6. Suppose -4*j - 2*n - 38 = 0, 0 = j - 5*j - 3*n - 43. Let o(z) = z + 6. Let s(v) = j*l(v) - 6*o(v). Calculate s(-5).
1
Suppose 0 = 4*b - 2 - 10. Let y(a) = a**3 - a**2 + 5*a + 3. Let j(g) = g**3 - g**2 + g + 1. Let r(h) = -2*j(h) + y(h). Determine r(b).
-8
Suppose -2*g = -0*g. Let p be (g/(-3 - 0))/1. Let y(j) = -j**2 - j + 9. Give y(p).
9
Suppose 3*u - 63 = -6*u. Let p(o) = o - 8. Calculate p(u).
-1
Let i(r) = r**2 + 6*r - 5. Suppose 5*a = 2*a - 18. Let s = a + 0. What is i(s)?
-5
Let x = -12 - -17. Let u = x + -9. Let i(g) be the second derivative of -g**3/2 - 2*g**2 - 3*g. Give i(u).
8
Let k be (-34)/(-6) - 10/15. Let f(z) = -1 + 5*z**2 + 10*z + z**3 - 3 - k*z. What is f(-4)?
-8
Suppose 1 + 1 = u. Suppose o - 10 = -3*x, -u*x + 2*o = 7*o - 24. Let v(b) = -5 + b**x - b**2 + 7*b + b**3 - b - 5*b**2. What is v(4)?
3
Let r(n) = -4*n**2 + 7 + 5*n**2 - 3 + 9*n + 0*n**2. Calculate r(-8).
-4
Suppose 0 = 3*o - 0 - 15. Suppose -4*t = -15 - 1. Let h(q) = -t*q + 2*q - 1 + 3*q. What is h(o)?
4
Let o be ((-18)/(-15))/((-4)/(-10)). Suppose -13 = 2*z - 5*s, o*s - 3 = -0*s. Let t = z - -4. Let k(j) = j**2 + 8. What is k(t)?
8
Suppose 5*y - 2 + 12 = 2*b, -2*y + b - 5 = 0. Let o = y - 1. Let u(t) be the second derivative of -7*t**4/12 + t**3/3 + t**2/2 + 2*t. Calculate u(o).
-8
Let t be ((-6)/((-3)/3))/2. Let p(d) = 2 + 0*d - t*d + 3*d + d. Give p(-3).
-1
Let o(k) = k**3 + 6*k**2 + 7*k - 2. Let g be 5*(-2 + (-2 - -3)). What is o(g)?
-12
Let m(c) = c**2 + c - 3. Let b be m(-3). Suppose -5*p = -3*p - 6. Let j(z) = -b - 4 - z + p. Give j(-5).
1
Let m(t) = -3*t - 10. Let g be m(-2). Let s(w) = w**3 + 3*w**2 - 2*w + 1. Determine s(g).
-7
Let o(d) = -1. Let v(t) = -t + 1. Let i(m) = -5*o(m) + v(m). Let q be i(5). Let h(w) be the first derivative of -7*w**3/3 - w**2/2 + 3. Calculate h(q).
-8
Suppose 0 = -3*v + 5*v - 10. Let b(f) = f**2 - 6*f + 6. Calculate b(v).
1
Suppose 0 = 5*q - q - 216. Let t(c) = -53 + 3*c - c + q. Calculate t(3).
7
Let j(t) = t**3 + t + 1. Let i(q) = -10*q**3 - 4*q - 5. Let v(o) = -i(o) - 4*j(o). Calculate v(-1).
-5
Suppose 12*u - 21 = 5*u. Let f(n) = n**3 - 3*n**2 - 2*n - 1. Determine f(u).
-7
Let y(n) = n**3 + 10*n**2 - 12*n - 6. Suppose 5*l = -4*b - 47, -3*l = -4*b - 0 + 41. Calculate y(l).
5
Let q(z) be the first derivative of -z**3/3 + 3*z**2/2 + 8*z + 1. Give q(6).
-10
Let f(s) = 8*s**2 - 4*s + 9. Let b(y) = -15*y**2 + 8*y - 17. Let d(h) = -6*b(h) - 11*f(h). Calculate d(3).
9
Let l(q) = q**2 + q. Let p(w) = w**3 - 10*w**2 - 11*w + 2. Let d be p(11). Determine l(d).
6
Let m(o) = 7*o + 5. Let u(j) = -j**3 + 4*j**2 - 7*j + 26. Let v be u(4). Determine m(v).
-9
Let g(c) = -c**3 + 4*c**2 - 4*c - 1. Let a be (6/5)/(2/10). Suppose -h + a = h. What is g(h)?
-4
Let m(y) = -y - 5. Let n be (-12)/(-42) - (-19)/7. Suppose -6*a - 2*p - 18 = -2*a, 0 = -3*a + n*p - 18. Calculate m(a).
0
Let m(p) = -p**2 + 2*p. Let q be 0 - (-7)/(7/2). What is m(q)?
0
Let k(x) = 2*x - 4. Let j(g) = -2*g + 19. Let c be j(7). Calculate k(c).
6
Let x(z) = z**3 + 2*z**2 - 3*z + 2. Let r be x(-3). Let v = r + 1. Let t(m) = -m - 1. Let p(o) = 3*o. Let g(l) = p(l) + 2*t(l). Determine g(v).
1
Let p(d) be the first derivative of d**3/3 - 3*d**2 - 2*d - 10. Determine p(5).
-7
Let g(i) = i**2 - 3*i + 4. Suppose 4 = 2*y - 2*m - m, -3*y + 17 = m. Suppose -4*c = -2*c - 6. Suppose y*b - 21 = c*o, -2*b + 4*b = -3*o. What is g(b)?
4
Let p(r) = -13*r + 4. Let m(x) = 4*x - 1. Let h(b) = -7*m(b) - 2*p(b). Give h(1).
-3
Let o(i) = 2*i**2. Suppose 3*z = -z + 44. Let v = z + -8. Suppose 4*d + 5*h - 11 = 0, -v*h = -0*h - 9. Calculate o(d).
2
Let l(a) be the third derivative of -a**6/120 + a**5/20 + a**4/6 + 2*a**3/3 + 2*a**2. Let m be l(4). Suppose -3*z + m = z. Let n(f) = -f**2 + 1. Calculate n(z).
0
Suppose 5*f = -3*f + 56. Let r(y) = y**2 - 8*y + 6. Calculate r(f).
-1
Let z = -85 + 91. Let m(y) = y**2 - 6*y + 7. Determine m(z).
7
Let o = -1/89 + 625/178. Let q(y) be the second derivative of 0 - 2*y + 5/6*y**3 + o*y**2 - 1/12*y**4. Give q(6).
1
Let z(h) = -3 - 20*h + 14*h + 2 - 1. Calculate z(-2).
10
Suppose 7*r + 1 = 4*y + 2*r, 3*r = -4*y + 25. Suppose -y*d = 3*g - 9, -4*g + 2*d = -4 + 14. Let a(j) = 14*j. Determine a(g).
-14
Suppose 3*b + 5*h - 5 = 0, 2*h - 1 = 2*b + 1. Let n(x) = -x**2 + x - 2. Calculate n(b).
-2
Let h(m) = 2*m**2 + 6*m + 5. Let q(i) = -i**2 - i. Let c(r) = -h(r) - 3*q(r). Suppose 0 = -2*k - 0*k. Suppose 15 + k = 3*f. Give c(f).
5
Let c = -2 + 6. Let l(t) = t + 8. Let i(b) = b + 7. Let d(k) = c*i(k) - 3*l(k). Let m(n) = -6*n + 43. Let v be m(8). What is d(v)?
-1
Let u be 1/(1/5) - 4. Let r(t) = -5*t - 1. Determine r(u).
-6
Suppose -d = -0*d - 1. Let h be (-3 - -2)/(d/(-5)). Let u(s) = -s**2 + 5*s - 3. Calculate u(h).
-3
Let c(n) = -n**2 + 3*n - 1. Let o = 4 - 6. Let z(f) = -f**2 + f. Let v(i) = -8*i**2 + 10*i - 1. Let m(h) = 2*v(h) - 18*z(h). Let s be m(o). Calculate c(s).
1
Let b = -247 - -250. Let y(f) = -f**2 - 3. Let p(l) = l**2 - l. Let v be (-2)/4*0 + -3. Let s(c) = v*p(c) - y(c). What is s(b)?
-6
Let w(o) = 4*o. Let r(f) = -6*f - 20. Let a be r(-4). What is w(a)?
16
Let j(g) = g + 1. Let s(a) = -a**2 + 3. Let b(y) = y**2 + 1. Let k be b(-3). Let m be 2/k - 12/(-15). Let o(r) = m*j(r) - s(r). Determine o(-4).
10
Let w(q) be the third derivative of q**8/10080 + q**7/1260 - q**6/720 - q**5/30 + 3*q**2. Let y(j) be the third derivative of w(j). Determine y(-3).
5
Let f(x) be the third derivative of x**6/120 - x**5/60 + 5*x**3/3 + 2*x**2 - 106. Suppose 0 = 3*p - 2*p. Suppose 0 = -p*a + 4*a. Calculate f(a).
10
Let m(n) = n + 3. Let w be m(3). Let z(o) = -6*o + 3*o + w + o. Let h = 29 - 24. What is z(h)?
-4
Let u(g) be the first derivative of g**2 - 6*g - 62. Determine u(6).
6
Let g(t) = 13*t + 23. Suppose 0 = 2*k - 6*k + 44. Let r(a) = -7*a - 12. Let o(s) = k*r(s) + 6*g(s). Suppose -2*c = 4*w - 6*c + 24, -2*c = 2*w + 4. Give o(w).
2
Let u(l) = -l**2 - 4*l + 3. Let t be u(-4). Let p(v) = -v - 2*v - 2*v**2 + t*v**2. Suppose 9*z = 13*z - 12. Determine p(z).
0
Let d(i) = 4*i**2. Let n be d(1). Let c(b) = -10*b + b**2 + n*b + 0*b**2 + 0 + 6. Give c(4).
-2
Let c(z) be the third derivative of z**6/60 + z**3/6 + 67*z**2. Determine c(-1).
-1
Let v = 17 + -24. Let u(w) = w**2 + 6*w - 6. Calculate u(v).
1
Let p = -8 - -11. Suppose 0 = -p*h - h. Let g(l) = -l**3 + l**2 - l - 6. Calculate g(h).
-6
Suppose 4*g + 12 = 2*n, -2*n + 6*n = -2*g - 6. Let x(z) be the second derivative of 1/2*z**2 - 2/3*z**3 + 2*z + n. Determine x(2).
-7
Let f be -1*(4 - (-3 + 4)). Let z be -2 + (6/f)/2. Let u(y) = y**3 + 2*y**2 - 3*y + 4. Determine u(z).
4
Suppose s - 14 = 3*s. Let o(k) = -k**2 - 9*k - 8. What is o(s)?
6
Let j(f) be the first derivative of -f**4/4 + 4*f**3/3 + f**2 - 6*f - 4. Let q be j(4). Let h(u) = 2*u + 8 - u - q*u + 2. Calculate h(6).
4
Let b(t) be the second derivative of t**4/12 + t**3/2 + t**2 + t. Let n(x) = -x - 2. Let d be n(-7). Suppose -d = -5*i - 25. Give b(i).
6
Let n(t) be the first derivative of -22*t**3/3 - 25. What is n(-1)?
-22
Suppose 2*h = 1 + 17. Let m = h + -5. Let f(i) = 3*i - 5 - 1 + i - 3*i. Determine f(m).
-2
Let y(p) = -2*p**2 - 4*p - 1. Let a = 32 + -17. Suppose -a = 6*w - w. Calculate y(w).
-7
Let l(x) be the second derivative of x**5/20 + 5*x**4/12 - 7*x**3/6 - 3*x**2/2 + 23*x. What is l(-6)?
3
Let s(y) = -4*y + 1. Let x be 0 + 1 + 2/2. What is s(x)?
-7
Let h(o) = 3*o**2 - 7*o + 3. Let u(l) = l**2 - 2*l + 1. Let n(i) = -2*h(i) + 7*u(i). What is n(3)?
10
Let f(q) = q**3 + 32*q - 66*q - 4*q**2 + 32*q + 3. Give f(4).
-5
Let t(n) be the third derivative of -n**5/60 + 7*n**4/24 - 2*n**3/3 - 28*n**2. Determine t(7).
-4
Let n(c) = c**2 - 6*c + 5. Suppose 4*s - 12 = -3*m, 0 = -0*m - m - 3*s - 1. Suppose 3 = -u + 2*u. Let p = m - u. Determine n(p).
0
Let y(l) = 37 + 38 + 3*l**2 - 74. Determine y(1).
4
Let f = 11 - 10. Let b be f*6*(-1)/2. Let j(h) = h**3 + 4*h**2 + 2*h - 3. What is j(b)?
0
Suppose -n + 4 = 11. Let z(o) = 18*o + 8 + 2 - 16*o. Give z(n).
-4
Let s = 8 + -5. Let f(b) be the secon